{"id":118,"date":"2022-09-05T11:46:46","date_gmt":"2022-09-05T11:46:46","guid":{"rendered":"https:\/\/demo.shadow-themes.com\/wp\/anita\/?page_id=118"},"modified":"2024-12-02T11:20:09","modified_gmt":"2024-12-02T11:20:09","slug":"sobre","status":"publish","type":"page","link":"https:\/\/oanoempalavras.pt\/2024\/sobre\/","title":{"rendered":"Sobre"},"content":{"rendered":"\t\t<div data-elementor-type=\"wp-page\" data-elementor-id=\"118\" class=\"elementor elementor-118\">\n\t\t\t\t\t\t<section class=\"elementor-section elementor-top-section elementor-element elementor-element-8a56166 animated-fast elementor-section-boxed elementor-section-height-default elementor-section-height-default elementor-invisible\" data-id=\"8a56166\" data-element_type=\"section\" data-settings=\"{&quot;animation&quot;:&quot;fadeIn&quot;}\">\n\t\t\t\t\t\t<div class=\"elementor-container elementor-column-gap-no\">\n\t\t\t\t\t<div class=\"elementor-column elementor-col-100 elementor-top-column elementor-element elementor-element-387653c\" data-id=\"387653c\" data-element_type=\"column\">\n\t\t\t<div class=\"elementor-widget-wrap elementor-element-populated\">\n\t\t\t\t\t\t<div class=\"elementor-element elementor-element-bc9c317 elementor-widget elementor-widget-heading\" data-id=\"bc9c317\" data-element_type=\"widget\" data-widget_type=\"heading.default\">\n\t\t\t\t<div class=\"elementor-widget-container\">\n\t\t\t<h1 class=\"elementor-heading-title elementor-size-default\">O ano em palavras<\/h1>\t\t<\/div>\n\t\t\t\t<\/div>\n\t\t\t\t\t<\/div>\n\t\t<\/div>\n\t\t\t\t\t<\/div>\n\t\t<\/section>\n\t\t\t\t<section class=\"elementor-section elementor-top-section elementor-element elementor-element-e6213f4 animated-fast elementor-section-boxed elementor-section-height-default elementor-section-height-default elementor-invisible\" data-id=\"e6213f4\" data-element_type=\"section\" data-settings=\"{&quot;animation&quot;:&quot;fadeIn&quot;}\">\n\t\t\t\t\t\t<div class=\"elementor-container elementor-column-gap-default\">\n\t\t\t\t\t<div class=\"elementor-column elementor-col-33 elementor-top-column elementor-element elementor-element-2e0797b elementor-hidden-mobile\" data-id=\"2e0797b\" data-element_type=\"column\">\n\t\t\t<div class=\"elementor-widget-wrap elementor-element-populated\">\n\t\t\t\t\t\t<div class=\"elementor-element elementor-element-3ec1656 elementor-widget elementor-widget-image\" data-id=\"3ec1656\" data-element_type=\"widget\" data-widget_type=\"image.default\">\n\t\t\t\t<div class=\"elementor-widget-container\">\n\t\t\t\t\t\t\t\t\t\t\t\t\t<img fetchpriority=\"high\" decoding=\"async\" width=\"1024\" height=\"683\" src=\"https:\/\/oanoempalavras.pt\/2024\/wp-content\/uploads\/2022\/09\/suplemento-1024x683.jpg\" class=\"attachment-large size-large wp-image-692\" alt=\"\" srcset=\"https:\/\/oanoempalavras.pt\/2024\/wp-content\/uploads\/2022\/09\/suplemento-1024x683.jpg 1024w, https:\/\/oanoempalavras.pt\/2024\/wp-content\/uploads\/2022\/09\/suplemento-300x200.jpg 300w, https:\/\/oanoempalavras.pt\/2024\/wp-content\/uploads\/2022\/09\/suplemento-768x512.jpg 768w, https:\/\/oanoempalavras.pt\/2024\/wp-content\/uploads\/2022\/09\/suplemento-1536x1024.jpg 1536w, https:\/\/oanoempalavras.pt\/2024\/wp-content\/uploads\/2022\/09\/suplemento-2048x1365.jpg 2048w, https:\/\/oanoempalavras.pt\/2024\/wp-content\/uploads\/2022\/09\/suplemento-1920x1280.jpg 1920w, https:\/\/oanoempalavras.pt\/2024\/wp-content\/uploads\/2022\/09\/suplemento-960x640.jpg 960w, https:\/\/oanoempalavras.pt\/2024\/wp-content\/uploads\/2022\/09\/suplemento-1440x960.jpg 1440w\" sizes=\"(max-width: 1024px) 100vw, 1024px\" \/>\t\t\t\t\t\t\t\t\t\t\t\t\t<\/div>\n\t\t\t\t<\/div>\n\t\t\t\t\t<\/div>\n\t\t<\/div>\n\t\t\t\t<div class=\"elementor-column elementor-col-66 elementor-top-column elementor-element elementor-element-e40ff6b\" data-id=\"e40ff6b\" data-element_type=\"column\">\n\t\t\t<div class=\"elementor-widget-wrap elementor-element-populated\">\n\t\t\t\t\t\t<div class=\"elementor-element elementor-element-8c41326 elementor-widget elementor-widget-text-editor\" data-id=\"8c41326\" data-element_type=\"widget\" data-widget_type=\"text-editor.default\">\n\t\t\t\t<div class=\"elementor-widget-container\">\n\t\t\t\t\t\t\t<p>O Ano em Palavras apresenta algumas das palavras pesquisadas ao longo do ano no Dicion\u00e1rio Priberam da L\u00edngua Portuguesa, associadas a acontecimentos nacionais e internacionais que se destacaram a n\u00edvel pol\u00edtico, econ\u00f3mico, cultural ou social. A p\u00e1gina integra conte\u00fados dos rep\u00f3rteres fotogr\u00e1ficos e dos jornalistas da Lusa, que d\u00e3o contexto a cada uma das palavras, e est\u00e1 estruturada por ordem cronol\u00f3gica. Em cada palavra, \u00e9 poss\u00edvel aceder diretamente ao seu significado no Dicion\u00e1rio Priberam, bem como ao artigo da ag\u00eancia Lusa sobre o evento que motivou as pesquisas.<\/p>\t\t\t\t\t\t<\/div>\n\t\t\t\t<\/div>\n\t\t\t\t\t<\/div>\n\t\t<\/div>\n\t\t\t\t\t<\/div>\n\t\t<\/section>\n\t\t\t\t<section class=\"elementor-section elementor-top-section elementor-element elementor-element-ab2ff3c animated-fast elementor-section-boxed elementor-section-height-default elementor-section-height-default elementor-invisible\" data-id=\"ab2ff3c\" data-element_type=\"section\" data-settings=\"{&quot;animation&quot;:&quot;fadeInUp&quot;}\">\n\t\t\t\t\t\t<div class=\"elementor-container elementor-column-gap-default\">\n\t\t\t\t\t<div class=\"elementor-column elementor-col-100 elementor-top-column elementor-element elementor-element-eeff530\" data-id=\"eeff530\" data-element_type=\"column\">\n\t\t\t<div class=\"elementor-widget-wrap elementor-element-populated\">\n\t\t\t\t\t\t<div class=\"elementor-element elementor-element-0a1d4ca elementor-widget elementor-widget-heading\" data-id=\"0a1d4ca\" data-element_type=\"widget\" data-widget_type=\"heading.default\">\n\t\t\t\t<div class=\"elementor-widget-container\">\n\t\t\t<h2 class=\"elementor-heading-title elementor-size-default\"><a href=\"https:\/\/oanoempalavras.pt\/xxx2024\/\">Voltar<\/a><\/h2>\t\t<\/div>\n\t\t\t\t<\/div>\n\t\t\t\t\t<\/div>\n\t\t<\/div>\n\t\t\t\t\t<\/div>\n\t\t<\/section>\n\t\t\t\t<\/div>\n\t\t","protected":false},"excerpt":{"rendered":"<p>O ano em palavras O Ano em Palavras apresenta algumas das palavras pesquisadas ao longo do ano no Dicion\u00e1rio Priberam da L\u00edngua Portuguesa, associadas a acontecimentos nacionais e internacionais que se destacaram a n\u00edvel pol\u00edtico, econ\u00f3mico, cultural ou social. A p\u00e1gina integra conte\u00fados dos rep\u00f3rteres fotogr\u00e1ficos e dos jornalistas da Lusa, que d\u00e3o contexto a&#8230;<\/p>\n","protected":false},"author":1,"featured_media":0,"parent":0,"menu_order":0,"comment_status":"closed","ping_status":"closed","template":"","meta":{"_acf_changed":false,"footnotes":""},"class_list":["post-118","page","type-page","status-publish","hentry"],"acf":[],"yoast_head":"<!-- This site is optimized with the Yoast SEO plugin v24.0 - https:\/\/yoast.com\/wordpress\/plugins\/seo\/ -->\n<title>Sobre<\/title>\n<meta name=\"robots\" content=\"index, follow, max-snippet:-1, max-image-preview:large, max-video-preview:-1\" \/>\n<link rel=\"canonical\" href=\"https:\/\/oanoempalavras.pt\/2024\/sobre\/\" \/>\n<meta property=\"og:locale\" content=\"pt_PT\" \/>\n<meta property=\"og:type\" content=\"article\" \/>\n<meta property=\"og:title\" content=\"Sobre\" \/>\n<meta property=\"og:description\" content=\"O ano em palavras O Ano em Palavras apresenta algumas das palavras pesquisadas ao longo do ano no Dicion\u00e1rio Priberam da L\u00edngua Portuguesa, associadas a acontecimentos nacionais e internacionais que se destacaram a n\u00edvel pol\u00edtico, econ\u00f3mico, cultural ou social. A p\u00e1gina integra conte\u00fados dos rep\u00f3rteres fotogr\u00e1ficos e dos jornalistas da Lusa, que d\u00e3o contexto a...\" \/>\n<meta property=\"og:url\" content=\"https:\/\/oanoempalavras.pt\/2024\/sobre\/\" \/>\n<meta property=\"og:site_name\" content=\"O Ano em Palavras\" \/>\n<meta property=\"article:publisher\" content=\"https:\/\/www.facebook.com\/priberam\" \/>\n<meta property=\"article:modified_time\" content=\"2024-12-02T11:20:09+00:00\" \/>\n<meta property=\"og:image\" content=\"https:\/\/oanoempalavras.pt\/xxx2024\/wp-content\/uploads\/2022\/09\/suplemento-1024x683.jpg\" \/>\n<meta name=\"twitter:card\" content=\"summary_large_image\" \/>\n<meta name=\"twitter:label1\" content=\"Tempo estimado de leitura\" \/>\n\t<meta name=\"twitter:data1\" content=\"1 minuto\" \/>\n<script type=\"application\/ld+json\" class=\"yoast-schema-graph\">{\"@context\":\"https:\/\/schema.org\",\"@graph\":[{\"@type\":\"WebPage\",\"@id\":\"https:\/\/oanoempalavras.pt\/2024\/sobre\/\",\"url\":\"https:\/\/oanoempalavras.pt\/2024\/sobre\/\",\"name\":\"Sobre\",\"isPartOf\":{\"@id\":\"https:\/\/oanoempalavras.pt\/2024\/#website\"},\"primaryImageOfPage\":{\"@id\":\"https:\/\/oanoempalavras.pt\/2024\/sobre\/#primaryimage\"},\"image\":{\"@id\":\"https:\/\/oanoempalavras.pt\/2024\/sobre\/#primaryimage\"},\"thumbnailUrl\":\"https:\/\/oanoempalavras.pt\/xxx2024\/wp-content\/uploads\/2022\/09\/suplemento-1024x683.jpg\",\"datePublished\":\"2022-09-05T11:46:46+00:00\",\"dateModified\":\"2024-12-02T11:20:09+00:00\",\"breadcrumb\":{\"@id\":\"https:\/\/oanoempalavras.pt\/2024\/sobre\/#breadcrumb\"},\"inLanguage\":\"pt-PT\",\"potentialAction\":[{\"@type\":\"ReadAction\",\"target\":[\"https:\/\/oanoempalavras.pt\/2024\/sobre\/\"]}]},{\"@type\":\"ImageObject\",\"inLanguage\":\"pt-PT\",\"@id\":\"https:\/\/oanoempalavras.pt\/2024\/sobre\/#primaryimage\",\"url\":\"https:\/\/oanoempalavras.pt\/xxx2024\/wp-content\/uploads\/2022\/09\/suplemento-1024x683.jpg\",\"contentUrl\":\"https:\/\/oanoempalavras.pt\/xxx2024\/wp-content\/uploads\/2022\/09\/suplemento-1024x683.jpg\"},{\"@type\":\"BreadcrumbList\",\"@id\":\"https:\/\/oanoempalavras.pt\/2024\/sobre\/#breadcrumb\",\"itemListElement\":[{\"@type\":\"ListItem\",\"position\":1,\"name\":\"In\u00edcio\",\"item\":\"https:\/\/oanoempalavras.pt\/2024\/\"},{\"@type\":\"ListItem\",\"position\":2,\"name\":\"Sobre\"}]},{\"@type\":\"WebSite\",\"@id\":\"https:\/\/oanoempalavras.pt\/2024\/#website\",\"url\":\"https:\/\/oanoempalavras.pt\/2024\/\",\"name\":\"O Ano em Palavras\",\"description\":\"O Ano em Palavras apresenta algumas das palavras pesquisadas ao longo do ano no Dicion\u00e1rio Priberam da L\u00edngua Portuguesa.\",\"publisher\":{\"@id\":\"https:\/\/oanoempalavras.pt\/2024\/#organization\"},\"potentialAction\":[{\"@type\":\"SearchAction\",\"target\":{\"@type\":\"EntryPoint\",\"urlTemplate\":\"https:\/\/oanoempalavras.pt\/2024\/?s={search_term_string}\"},\"query-input\":{\"@type\":\"PropertyValueSpecification\",\"valueRequired\":true,\"valueName\":\"search_term_string\"}}],\"inLanguage\":\"pt-PT\"},{\"@type\":\"Organization\",\"@id\":\"https:\/\/oanoempalavras.pt\/2024\/#organization\",\"name\":\"O Ano em Palavras\",\"url\":\"https:\/\/oanoempalavras.pt\/2024\/\",\"logo\":{\"@type\":\"ImageObject\",\"inLanguage\":\"pt-PT\",\"@id\":\"https:\/\/oanoempalavras.pt\/2024\/#\/schema\/logo\/image\/\",\"url\":\"https:\/\/oanoempalavras.pt\/xxx2024\/wp-content\/uploads\/2024\/12\/sapadores1-scaled.jpg\",\"contentUrl\":\"https:\/\/oanoempalavras.pt\/xxx2024\/wp-content\/uploads\/2024\/12\/sapadores1-scaled.jpg\",\"width\":2560,\"height\":1707,\"caption\":\"O Ano em Palavras\"},\"image\":{\"@id\":\"https:\/\/oanoempalavras.pt\/2024\/#\/schema\/logo\/image\/\"},\"sameAs\":[\"https:\/\/www.facebook.com\/priberam\",\"https:\/\/www.instagram.com\/priberam\/\"]}]}<\/script>\n<!-- \/ Yoast SEO plugin. -->","yoast_head_json":{"title":"Sobre","robots":{"index":"index","follow":"follow","max-snippet":"max-snippet:-1","max-image-preview":"max-image-preview:large","max-video-preview":"max-video-preview:-1"},"canonical":"https:\/\/oanoempalavras.pt\/2024\/sobre\/","og_locale":"pt_PT","og_type":"article","og_title":"Sobre","og_description":"O ano em palavras O Ano em Palavras apresenta algumas das palavras pesquisadas ao longo do ano no Dicion\u00e1rio Priberam da L\u00edngua Portuguesa, associadas a acontecimentos nacionais e internacionais que se destacaram a n\u00edvel pol\u00edtico, econ\u00f3mico, cultural ou social. A p\u00e1gina integra conte\u00fados dos rep\u00f3rteres fotogr\u00e1ficos e dos jornalistas da Lusa, que d\u00e3o contexto a...","og_url":"https:\/\/oanoempalavras.pt\/2024\/sobre\/","og_site_name":"O Ano em Palavras","article_publisher":"https:\/\/www.facebook.com\/priberam","article_modified_time":"2024-12-02T11:20:09+00:00","og_image":[{"url":"https:\/\/oanoempalavras.pt\/xxx2024\/wp-content\/uploads\/2022\/09\/suplemento-1024x683.jpg","type":"","width":"","height":""}],"twitter_card":"summary_large_image","twitter_misc":{"Tempo estimado de leitura":"1 minuto"},"schema":{"@context":"https:\/\/schema.org","@graph":[{"@type":"WebPage","@id":"https:\/\/oanoempalavras.pt\/2024\/sobre\/","url":"https:\/\/oanoempalavras.pt\/2024\/sobre\/","name":"Sobre","isPartOf":{"@id":"https:\/\/oanoempalavras.pt\/2024\/#website"},"primaryImageOfPage":{"@id":"https:\/\/oanoempalavras.pt\/2024\/sobre\/#primaryimage"},"image":{"@id":"https:\/\/oanoempalavras.pt\/2024\/sobre\/#primaryimage"},"thumbnailUrl":"https:\/\/oanoempalavras.pt\/xxx2024\/wp-content\/uploads\/2022\/09\/suplemento-1024x683.jpg","datePublished":"2022-09-05T11:46:46+00:00","dateModified":"2024-12-02T11:20:09+00:00","breadcrumb":{"@id":"https:\/\/oanoempalavras.pt\/2024\/sobre\/#breadcrumb"},"inLanguage":"pt-PT","potentialAction":[{"@type":"ReadAction","target":["https:\/\/oanoempalavras.pt\/2024\/sobre\/"]}]},{"@type":"ImageObject","inLanguage":"pt-PT","@id":"https:\/\/oanoempalavras.pt\/2024\/sobre\/#primaryimage","url":"https:\/\/oanoempalavras.pt\/xxx2024\/wp-content\/uploads\/2022\/09\/suplemento-1024x683.jpg","contentUrl":"https:\/\/oanoempalavras.pt\/xxx2024\/wp-content\/uploads\/2022\/09\/suplemento-1024x683.jpg"},{"@type":"BreadcrumbList","@id":"https:\/\/oanoempalavras.pt\/2024\/sobre\/#breadcrumb","itemListElement":[{"@type":"ListItem","position":1,"name":"In\u00edcio","item":"https:\/\/oanoempalavras.pt\/2024\/"},{"@type":"ListItem","position":2,"name":"Sobre"}]},{"@type":"WebSite","@id":"https:\/\/oanoempalavras.pt\/2024\/#website","url":"https:\/\/oanoempalavras.pt\/2024\/","name":"O Ano em Palavras","description":"O Ano em Palavras apresenta algumas das palavras pesquisadas ao longo do ano no Dicion\u00e1rio Priberam da L\u00edngua Portuguesa.","publisher":{"@id":"https:\/\/oanoempalavras.pt\/2024\/#organization"},"potentialAction":[{"@type":"SearchAction","target":{"@type":"EntryPoint","urlTemplate":"https:\/\/oanoempalavras.pt\/2024\/?s={search_term_string}"},"query-input":{"@type":"PropertyValueSpecification","valueRequired":true,"valueName":"search_term_string"}}],"inLanguage":"pt-PT"},{"@type":"Organization","@id":"https:\/\/oanoempalavras.pt\/2024\/#organization","name":"O Ano em Palavras","url":"https:\/\/oanoempalavras.pt\/2024\/","logo":{"@type":"ImageObject","inLanguage":"pt-PT","@id":"https:\/\/oanoempalavras.pt\/2024\/#\/schema\/logo\/image\/","url":"https:\/\/oanoempalavras.pt\/xxx2024\/wp-content\/uploads\/2024\/12\/sapadores1-scaled.jpg","contentUrl":"https:\/\/oanoempalavras.pt\/xxx2024\/wp-content\/uploads\/2024\/12\/sapadores1-scaled.jpg","width":2560,"height":1707,"caption":"O Ano em Palavras"},"image":{"@id":"https:\/\/oanoempalavras.pt\/2024\/#\/schema\/logo\/image\/"},"sameAs":["https:\/\/www.facebook.com\/priberam","https:\/\/www.instagram.com\/priberam\/"]}]}},"_links":{"self":[{"href":"https:\/\/oanoempalavras.pt\/2024\/wp-json\/wp\/v2\/pages\/118","targetHints":{"allow":["GET"]}}],"collection":[{"href":"https:\/\/oanoempalavras.pt\/2024\/wp-json\/wp\/v2\/pages"}],"about":[{"href":"https:\/\/oanoempalavras.pt\/2024\/wp-json\/wp\/v2\/types\/page"}],"author":[{"embeddable":true,"href":"https:\/\/oanoempalavras.pt\/2024\/wp-json\/wp\/v2\/users\/1"}],"replies":[{"embeddable":true,"href":"https:\/\/oanoempalavras.pt\/2024\/wp-json\/wp\/v2\/comments?post=118"}],"version-history":[{"count":7,"href":"https:\/\/oanoempalavras.pt\/2024\/wp-json\/wp\/v2\/pages\/118\/revisions"}],"predecessor-version":[{"id":997,"href":"https:\/\/oanoempalavras.pt\/2024\/wp-json\/wp\/v2\/pages\/118\/revisions\/997"}],"wp:attachment":[{"href":"https:\/\/oanoempalavras.pt\/2024\/wp-json\/wp\/v2\/media?parent=118"}],"curies":[{"name":"wp","href":"https:\/\/api.w.org\/{rel}","templated":true}]}}